 -h - 1. What is b(f)?
-3
Let g = -2 - -7. Suppose -2*h = 3*h + g. Let n(u) be the second derivative of -3*u**5/20 - u**4/12 - u**3/6 - u**2/2 - 2*u. Give n(h).
2
Let d(s) = 2*s**3 + 6*s**2 + s - 9. Let n(q) = -3*q**3 - 12*q**2 - q + 17. Let f(a) = -5*d(a) - 3*n(a). Calculate f(5).
9
Let b(x) = 6*x**2 + 2*x + 1. Let z be (-1 - -3) + (2 - 1). Suppose -4 = j + z*j. Calculate b(j).
5
Let l(h) = -h**2 - 4*h - 6. Let y = 117 - 121. Calculate l(y).
-6
Let c(s) = s - 7. Let y = 20 + -14. Suppose 0 = -2*w + 6 + y. Determine c(w).
-1
Let u(r) = -145 - 149 + 10*r**2 + 295 + 10*r**2. Calculate u(-1).
21
Suppose 5*j - 15 = -0*j. Let y(h) = h - 7 + 1 + 2*h**2 - j*h**2. Let p(a) = -a + 6. Let d be p(6). What is y(d)?
-6
Suppose 18 = -5*i - 2. Let k = -4 - i. Suppose k = -0*h - 2*h + 4*o, 5*o = -2*h + 9. Let a(s) = -s**2 + s - 2. Calculate a(h).
-4
Let t(l) = l**3 + 5*l**2 - 4*l + 8. Suppose -14*r = -15*r - 6. What is t(r)?
-4
Let x = -75 - -69. Let i(k) = k**3 + 5*k**2 - 7*k + 6. What is i(x)?
12
Let x(u) = u - 2. Let v be x(3). Let s be (-38)/(-8) + (-3)/(-12). Let g(c) = s*c**2 + c - v - 4*c**2 + c**3 + c. Determine g(-2).
-9
Let i be 3/3*-2 + -2. Let q(b) = -4*b**2 - 6*b - 1. Let z(y) = -3*y**2 - 6*y. Let c(t) = i*q(t) + 5*z(t). Determine c(5).
-1
Let l(b) = b**3 - b**2 + b. Suppose -2*o + 6 = -s - 0, 5*s - 3*o - 5 = 0. Let j(d) = -d**2 + 5*d - 4. Let t be j(s). Determine l(t).
0
Let i(g) = -g**2 + 5*g - 1. Let h(p) = -p**2 + 5*p - 1. Let o be (9/6 + -2)*0. Let u be -8 + (3 - 1) + o. Let w(z) = u*i(z) + 5*h(z). Calculate w(4).
-3
Let y(b) be the first derivative of b**4/4 + 7*b**3/3 + 7*b**2/2 + 7*b - 1. Let x be 1 - 0 - (8 - 11). Suppose -x*m = 18 + 6. Calculate y(m).
1
Let m(c) = 1. Let z(s) = -s + 6. Let n(h) = 2*m(h) - z(h). Let f(j) = j**2 + 3*j + 3. Let o be f(-3). Determine n(o).
-1
Let t(m) = 54*m + 51*m - 156*m - 1 + 50*m. Suppose 5*j + 1 = -3*d - 4, -2*d = 5*j + 5. Determine t(j).
0
Let v(n) = n**2 + 9*n + 3. Let f = -78 - -72. What is v(f)?
-15
Let r be 2*3 + (1 - -1). Suppose -4*k - 3*y - 79 = 0, 125 = -6*k + k + 5*y. Let g be k/r - (-3)/4. Let m(s) = -3*s + 2. Determine m(g).
8
Let g(u) = 5*u + 1. Suppose 0*y - 2*y - 10 = 0. Let l be (y + 4)/(2/(-6)). Suppose -p + l = 2. Calculate g(p).
6
Let w(n) be the second derivative of 0 + 4*n - 1/24*n**5 + 0*n**2 - 1/4*n**4 + 1/360*n**6 - 2/3*n**3. Let y(k) be the second derivative of w(k). What is y(5)?
-6
Let z be 2/10 + (-2)/10. Let n(f) be the second derivative of -4*f + z*f**2 + 1/2*f**3 + 0. Determine n(1).
3
Let n(t) = t + 5. Let d be n(-4). Let f be (3 + -2 - d)/2. Let u(j) = j - 12. What is u(f)?
-12
Let u(x) be the first derivative of x**4/12 - x**3/3 - x**2 - 3*x - 3. Let y(m) be the first derivative of u(m). What is y(3)?
1
Let w = 13 + -11. Let s = w + -2. Let b(q) = q**2 + q + 6. Calculate b(s).
6
Let g(k) be the third derivative of 0 - 1/8*k**4 + 0*k**3 + 1/12*k**5 + 0*k - k**2 - 1/120*k**6. Calculate g(4).
4
Let n(r) = -r**2 - 7*r - 3. Suppose 19 = 2*b + 3*x, -11 = -4*b - 2*x + 15. Suppose i - b*c = 7 + 12, 4*i + 5*c + 49 = 0. Give n(i).
3
Let q be (-1)/(1 - 0) - -2. Let l(c) = -8*c + 1. Let b(y) = 9*y - 2. Let j(i) = -2*b(i) - 3*l(i). Give j(q).
7
Let v(u) = -2*u + 1. Let c be (-2 - -5)/3 + -1. Let w be (c/(-1))/(-1) - 3. What is v(w)?
7
Let q(o) = o - 2. Let n be q(-7). Let t = n + 13. Suppose 0 = -5*c - 4*a + 1, t*c - 7*c + 2*a = 17. Let w(f) = -f**3 - 3*f**2 + 2*f + 4. What is w(c)?
-2
Let u(p) = 20*p**3 - 4*p**2 - p. Let l(n) = -21*n**3 + 3*n**2 + n. Let h(g) = 4*l(g) + 3*u(g). What is h(-1)?
23
Let c(v) be the third derivative of -v**6/120 - v**5/30 - v**4/12 - 22*v**2. Calculate c(-3).
15
Let t(c) = c**3 - 3. Let i(f) = f**3 + 6*f**2 - 8*f - 4. Let l be i(-7). Let g be (0 + 2 + -2)/l. What is t(g)?
-3
Let a = 44 - 50. Let c(y) = -y**2 - 6*y - 8. What is c(a)?
-8
Let x(s) = s**3 + s**2 + 2. Let y(t) = 3*t + 32. Let l be y(-10). Give x(l).
14
Suppose 4*q = 10*q + 6. Let s(g) = 25*g**2 + 2*g + 1. Give s(q).
24
Let s(z) = z**3 + 16*z**2 + 2*z + 30. Let u be s(-16). Let m(y) = 3*y**3 + 2*y**2 - 2*y - 2. Give m(u).
-14
Let p(q) be the third derivative of 0*q + 0 + 1/60*q**5 - 4*q**2 + 5/6*q**3 + 1/6*q**4. Determine p(-5).
10
Suppose 52 = -4*h + 132. Suppose -3*f + h = -7*f. Let y(u) = u**2 + 6*u - 4. Give y(f).
-9
Suppose 8 = -3*q + 23. Let t(o) = 4*o + q*o**2 - 2*o**2 - 2 - 2*o**2. Determine t(-4).
-2
Let c(m) = m**3 + 6*m**2 + 4*m. Suppose 0 = -2*p + 6*p + 8. Let k be (-2 + 4)*5/p. What is c(k)?
5
Let b(p) = p + 5. Let u(a) = -a**3 - 12*a**2 + 4*a + 9. Let l(m) = -m**2 + m. Let x(v) = 3*l(v) - u(v). Let o be x(-9). Give b(o).
5
Let o(v) = -v**2 + v + 1. Let f(a) = a**2 - 2*a - 2. Let m(i) = 3*f(i) + 5*o(i). Determine m(-2).
-7
Let t(k) = k**3 + k**2 + 3*k + 10. Let j(v) = -3*v**3 - 2*v**2 - 7*v - 20. Let w(a) = 2*j(a) + 5*t(a). What is w(0)?
10
Suppose 2*q + 1 - 5 = 0. Let h(s) = -s + 0*s + q*s - 5*s**3. Let v be (3 - (-3)/(-3))/2. What is h(v)?
-4
Let d(f) = 3*f. Let c be (1/2)/((-3)/(-12)). Let k = c + -4. Calculate d(k).
-6
Let c(b) = -b**2 - 7*b + 2. Let k = 40 + -46. Give c(k).
8
Let p(m) = m**3 + m**2 - 1. Suppose 7 = -5*d + 3*q, d - 4*q + 3 = -12. Let h(v) = -3*v**3 - 8*v**2 - 6*v + 3. Let l(n) = d*h(n) + 4*p(n). Determine l(5).
-6
Let b(o) = 6*o - 6. Suppose -3*p + 17 + 16 = 0. Let a(s) = 3*s - 3. Let q(j) = p*a(j) - 6*b(j). Give q(4).
-9
Let b(d) = -4*d - 1. Let p be b(-2). Let r(m) = m**3 - 7*m**2 + 2. Give r(p).
2
Let r(i) = 3*i**2 - 9*i + 10. Let m(w) = 7*w**2 - 19*w + 21. Let l(z) = 2*m(z) - 5*r(z). Let v(c) = 4*c - 10. Let y be v(4). What is l(y)?
-2
Let s(z) = 4*z + 1. Suppose 6 = -w + 7. Give s(w).
5
Let u(a) = a - 3. Suppose -3*l = -4*s - 3, 2*s + 3*l = -0*l + 21. Suppose s*h + h - 28 = 0. What is u(h)?
4
Let u(k) = -k**3 + 4*k**2 + 4. Let l = 72 - 68. Calculate u(l).
4
Let c(z) = -9 + 6*z - z - 3*z - 3*z. Determine c(-5).
-4
Let n be -1*-4*1/2. Let g(k) = -n*k - 8 + 4*k + 0*k - k. Give g(0).
-8
Let o(t) be the first derivative of -t**2/2 + 4*t + 1. Suppose -5 + 0 = 3*l + w, -4*l = -5*w - 25. What is o(l)?
4
Let m(k) = k**2 + k + 2. Let n = -51 + 53. Give m(n).
8
Let f be -1 + -1 + 3 - 0. Let c(n) = -6*n - 5*n**2 - f - n**3 - 2*n**2 - 8. What is c(-6)?
-9
Suppose -5*h = -4*a - 5 - 11, -9 = -2*h - a. Let v(x) be the third derivative of 0 + 1/120*x**6 + 5/24*x**4 + x**2 + 0*x + 1/6*x**3 - 1/12*x**5. What is v(h)?
5
Let a be 2/((-4)/(-4)*1). Let y(r) = 18 - 4*r**a + r + 5*r**2 - 21. What is y(0)?
-3
Let l(m) = -m**3 + m**2 + 3. Let g(u) = -5*u**3 + 5*u**2 + 16. Suppose 3*n = -4 - 2. Let a(r) = n*g(r) + 11*l(r). Give a(0).
1
Let q(k) = -k**2 - 2*k - 4. Let r(h) = -4*h**2 - 7*h - 12. Let v(p) = 7*q(p) - 2*r(p). Give v(-3).
5
Let t = 5 - 2. Suppose -4*g - 4*v - v = 11, 16 = -t*g + 4*v. Let w(k) be the first derivative of k**4/4 + 5*k**3/3 + 5*k**2/2 + k - 1. What is w(g)?
-3
Let t(v) = v**3 - v**2 - 4*v - 1. Let w be -1 + (8 - 4) + 0. Give t(w).
5
Let t(l) = l. Let f(w) = 4*w**2 - 6*w + 1. Suppose 0 = -2*m - 4*d + d - 5, m = -3*d - 1. Let o(g) = m*t(g) - f(g). Give o(1).
-3
Let f(n) = -3*n**3 - 2*n**2 - n - 1. Let s(o) = o**2 + 2*o + 3. Let t be s(-1). Give f(t).
-35
Let q(i) = i**3 - 7*i**2 + 6*i - 5. Let v be q(6). Let h be 0 + -2 - 25/v. Let w(l) = -l**3 + 2*l**3 - 10 - 3*l**2 + 8. Give w(h).
-2
Let s(y) = -y + 1. Suppose -9 = -9*q + 6*q. Let u be (-10)/q*81/(-45). Calculate s(u).
-5
Let u(t) = -13*t**2 - t - 1. Let m(c) = 11*c**2. Let i(o) = -7*m(o) - 6*u(o). Let n be -6*(-2)/2*-1. Give i(n).
6
Let x be (1/2)/(2/12). Let n(r) be the first derivative of -1/4*r**4 + 2/3*r**3 - 4*r - 2 + 2*r**2. What is n(x)?
-1
Let k(y) = 2*y + 6. Suppose 2*x = -2*a, 2*a = 3*x - 3 - 7. Suppose 5*t = x*f + 28, -12 = 2*f + t - 2*t. Determine k(f).
-2
Let m(o) = -6 - 2*o + 8 + 5. Let v(a) = -6*a**3 - a - 1. Suppose -z + 5 = -5*c, -2*z = -c - 7*z - 1. Let f be v(c). What is m(f)?
-5
Let j = 301 - 151. Suppose -4*x - x = -j. Suppose -5*u + 3*s = x, -s + 3 = 4*u + 2*s. Let y(o) = -o**3 - 3*o**2 + o. Calculate y(u).
-3
Suppose 6 = 2*p + 14. Let s(a) = a**2 - 2*a + 4*a + 3*a. Calculate s(p).
-4
Let g = -321 - -325. Let a(i) be the third derivative of i**6/120 - i**5/15 - i**3/2 - i**2. What is a(g)?
-3
Let v = -7 + 11. Let s(w) = -4 - 5*w + 0 + 5 + v*w. Calculate s(-1).
2
Let v(j) be the f